6. Let l = g - o. What is the tens digit of l?
4
What is the units digit of (-7)/56 - 116616/(-64)?
2
Suppose 2*i + b = 2*b + 691, 2*i + b - 697 = 0. What is the tens digit of i?
4
Let h = 14 + -19. Let o = -6 - h. What is the units digit of 51/12*o*-4?
7
Let c = -1063 + 2337. What is the thousands digit of c?
1
Suppose -935*m - 4509 = -938*m. What is the units digit of m?
3
Let d = -25 + 31. Let z(x) = -6 - 12 + x**2 + 2 - 5*x - d*x. What is the tens digit of z(16)?
6
Let y be (4 + 4/(-2))/((-12)/(-30)). Suppose 100 = 4*g + y*x, -112 = -3*g - g - 2*x. What is the tens digit of g?
3
Suppose 15*m = 11*m. What is the tens digit of m + (4 - 6) + 251 + -4?
4
Suppose -4*v = 5*s - 373, -2*v + 3*s = -3*v + 95. What is the units digit of v?
2
Suppose 87*q - 81*q - 2382 = 0. What is the tens digit of q?
9
What is the tens digit of (237/(-18))/(7/(-1974))?
1
Let n(f) = -111*f**3 - f - 1. Suppose -b - 2*b - 3 = 2*a, b + 4*a + 1 = 0. What is the tens digit of n(b)?
1
Suppose -13*k + 10*k + f = -2216, -4*k = -f - 2953. What is the tens digit of k?
3
Let r(s) = s**2 + 4*s + 1. Let v be r(3). Let f = v + -17. What is the units digit of f?
5
Suppose -10*t + 21 = -7*t. Suppose -3*c - 360 = -t*c. What is the units digit of c?
0
Suppose -15 = 2*z - 33. Suppose z*h = 6*h + 54. What is the units digit of h?
8
Let j = 10849 - 7205. What is the tens digit of j?
4
Let d = -55 + 104. Suppose -f + d = -5*c, 2*f - 73 = c + 4*c. What is the tens digit of (f/(-20))/((-3)/70)?
2
Suppose -11*p = 3*p - 70. Suppose p*x + 2*u - 509 - 501 = 0, -5*x + 3*u + 985 = 0. What is the tens digit of x?
0
Suppose 770 - 426 = 8*x. What is the tens digit of x?
4
Let a(f) = 413*f**2 - 26*f + 44. What is the hundreds digit of a(2)?
6
Let s(c) = c - 1. Let m(n) be the second derivative of -8*n**3/3 + 11*n**2 + 2*n. Let b(g) = -m(g) - 12*s(g). What is the units digit of b(11)?
4
Let c be (0 + 4/(-14))*-14. Let y be (-1)/(1*c/268). Let r = -25 - y. What is the tens digit of r?
4
Suppose -y + 2905 = 6*y. What is the tens digit of y?
1
Suppose 2*r + r = -9. Let w(y) = -18*y - 6. What is the units digit of w(r)?
8
Let p(v) = 6*v**2 - 5*v - 91. What is the hundreds digit of p(-11)?
6
Suppose -3*x + 5*i + 5644 = 0, 6*i - 7*i - 5 = 0. What is the units digit of x?
3
Let m = -1120 - -2690. What is the thousands digit of m?
1
Suppose 30*c - 94*c + 101824 = 0. What is the hundreds digit of c?
5
Let d = -15 - -27. Let p = d - 6. Suppose 90 + 0 = p*w. What is the units digit of w?
5
Suppose -10*q - 548 + 9218 = 0. What is the hundreds digit of q?
8
Let w = -39 - -41. Suppose 3 = -w*j + 225. What is the units digit of j?
1
What is the tens digit of 1*6/(-15) + (-5374)/(-10)?
3
Let n = -443 + 702. Suppose 4*a + 47 = n. What is the units digit of a?
3
Let n = 9013 + -5835. What is the units digit of n?
8
Let r(p) be the second derivative of -2*p**3/3 + 27*p**2/2 - 21*p. What is the units digit of r(6)?
3
Let y(t) = t**3 - 9*t**2 + 8*t + 3. Let g be y(8). Suppose -17 = -g*k + 4*k. Let m = k - -32. What is the units digit of m?
5
Let s(t) = 20*t - 44. What is the units digit of s(21)?
6
Let k(c) = c - 14. Let h be k(22). Suppose -9*t + h*t + 154 = 0. What is the tens digit of t?
5
Let a(t) = 37*t**2 + 7*t + 5. Let s be a(-3). Let i = s + -178. What is the hundreds digit of i?
1
Let j(y) = -y**3 - 4*y**2 + 20*y - 5. Let c be j(-7). Suppose -c*z = 4 - 32. What is the tens digit of z?
1
Suppose 0 = -5*j - 20 + 5. Let u be j + (-24)/(-4) - 23. What is the units digit of -2 - u/4 - -24?
7
Suppose -69 = -4*r - 1173. Let o be r/20 + (-3)/15. What is the units digit of (-342)/(-42) - (-2)/o?
8
Let l(v) = 2*v**2 + 2*v - v**3 - 14 + 0*v**3 - 9 + 27. What is the tens digit of l(-4)?
9
Let o(f) = 9*f - 19. Let v be o(9). Suppose -v = -4*p + 586. What is the hundreds digit of p?
1
Let m(t) = -t**3 + 7*t**2 + 2*t + 4. Let y be m(7). Let w = y + -3. What is the tens digit of w?
1
Suppose 0 = 4*q + 3*h - 242, -112 = -2*q - 5*h + 16. Let n = -4 + 2. What is the units digit of n - (4 - q) - -2?
5
Let l(z) = -z**3 + 9*z**2 + 5. Let x(a) = -a - 2. Let h be x(-9). Let g be l(h). Suppose -2*u + 4*u + 3*c - g = 0, 0 = 4*c - 20. What is the tens digit of u?
4
Let v = -127 - -307. What is the units digit of v?
0
Suppose 4*q - 593 = -41. Suppose -5*h + q + 67 = 0. What is the units digit of h?
1
Let z(t) = -t**3 + 13*t**2 - 10*t - 16. Let m(g) = -g**3 + 13*g**2 - 9*g - 15. Let s(d) = -4*m(d) + 5*z(d). What is the units digit of s(11)?
8
Suppose 5*h = 6*p + 14466, h + 2*p - 2914 = -2*p. What is the hundreds digit of h?
8
Let z = 15 - 11. Let j = z - 1. What is the units digit of (j - 4)/((-3)/6)?
2
Suppose -n - 6052 = -3*i, -25 + 21 = n. What is the tens digit of i?
1
Let l = 29 - 17. Let u = -12 + l. Let f(a) = a**2 - a + 24. What is the tens digit of f(u)?
2
Let r = -15 - -21. Let z(c) = -c. Let k be z(-5). Suppose -w = 2*f - 1, r*w + k*f = 2*w + 16. What is the units digit of w?
9
Suppose 0 = -7*h - 68 - 58. What is the tens digit of -1 + 86/5 - h/(-90)?
1
Let q = 15 + -14. Let o be ((-24)/5)/(q/(-30)). Suppose 2*x + 2*x = o. What is the tens digit of x?
3
Let o(b) = 2*b**2 - 7*b + 7. Suppose 0 = 4*q - 2 - 18. Suppose 5*z - q*m - 14 = -m, 2*z - 3*m = 0. What is the tens digit of o(z)?
3
Let a be -36 + (1 - -3) + -7. What is the units digit of 2/(-6) - 3250/a?
3
Let d = -25 - -28. Suppose -2*r = r + 2*o - 17, 0 = -d*r + 2*o + 1. What is the tens digit of (-2 - -21*1) + r?
2
Let x = 793 + -159. What is the tens digit of x?
3
Let x = 33 + -28. Suppose -346 = -x*v + 19. What is the tens digit of v?
7
Let i(m) = -536*m - 17. What is the tens digit of i(-1)?
1
Suppose -4*x + x = -12. Suppose 2*d + 5*m = x*d - 153, -3*d - 5*m = -267. Suppose d = 3*g + 21. What is the tens digit of g?
2
Suppose 0 = -n - 4*q + 25, -25 = -4*n - 2*q + q. Suppose 32 + 8 = n*u - 5*k, -2*k + 5 = 5*u. What is the tens digit of 18*u + (12 - 12)?
5
Let c(p) = -p**3 - 2*p**2 + 3*p + 5. Let r(q) = -5. Let y(k) = 6. Let v(f) = -7*r(f) - 6*y(f). Let b(u) = -c(u) - 6*v(u). What is the units digit of b(3)?
7
Let p = 12 + -10. Suppose -12 = 2*y - 4, p = n - y. What is the units digit of (-244)/(-12) - n/3?
1
What is the tens digit of (251 + 3)/(170/(-58) - -3)?
8
Suppose -x - 8 = -3*x. Let w be 0/((-2*x)/4). Suppose w = -6*j + 2*j + 16. What is the units digit of j?
4
Suppose 2*l - 8 = 0, 67 = -t - 4*l - 232. What is the tens digit of 9/(t/(-10)) + 502/7?
7
Let z = 75 + -51. Suppose 0 = -6*y + 8*y - z. What is the units digit of y?
2
Let s be (286/8)/(4 - 17/4). Let w = s + 162. What is the tens digit of w?
1
Let b = 108 + -36. Let u = -58 + b. What is the tens digit of u?
1
Let w = 376 + -90. What is the units digit of w?
6
Let g(u) = u**2 - 2*u - 23. Let t be g(16). Suppose -2*p + p = -3*i + t, -2*i - 2*p = -134. What is the units digit of i?
7
Suppose -46 = -5*q + 34. Suppose -2*j + 26 = q. Suppose j*t + 117 = 8*t. What is the tens digit of t?
3
Let x = -19 + 28. What is the units digit of x?
9
Let f = 71 + -206. Let v = f + 74. Let i = 96 + v. What is the units digit of i?
5
Let b be (-3)/(-2) - 25870/(-4). Suppose b - 36709 = -7*a. What is the tens digit of (-1)/(-7) + a/140?
3
What is the units digit of (((-2)/(-4))/1)/((-19)/(-28652))?
4
Let p = 143 - 34. What is the hundreds digit of p?
1
Let g be ((-2)/(-4))/(9/(-18)). Let n be (0 - 1 - g) + 3. Suppose 0 = n*p - 59 + 2. What is the tens digit of p?
1
Suppose -92*l = -86*l + 36. What is the hundreds digit of -3*(-1 + 432/l)?
2
Suppose -70*m + 3542 = -56*m. What is the units digit of m?
3
Let l(x) = x**3 - 3*x**2 - 5*x - 9. Let o be l(5). Suppose 4*q - 20 = -4*c, -c - 5 = -q - o. What is the units digit of c?
8
Let w(z) = 3*z**2 - 176*z + 29. What is the thousands digit of w(75)?
3
Suppose -x = 9 - 1. What is the tens digit of -2 + 4 + x + 41?
3
Let o(f) = f**3 + 6*f**2 + 2*f + 9. Let p be o(-7). Let y = 54 - p. What is the units digit of 24/y - (-421)/9?
7
Let z = 4926 + -2227. What is the units digit of z?
9
Suppose -4*l - 5*r = 65, -2*r + 3*r = -2*l - 25. Let c(h) = -h**3 + 3*h**2 + 12*h - 3. Let n be c(-3). Let j = l + n. What is the units digit of j?
5
Let v = -5 + 3. Let q = v - 17. Let s = q + 31. What is the units digit of s?
2
Let n(c) = -c**2 + c - 1. Let o(t) = 8*t**2 - 14*t + 14. Let f(a) = 6*n(a) + 